vided by 18.
5
Calculate the remainder when 966 is divided by 17.
14
What is the remainder when 275 is divided by 14?
9
What is the remainder when 1028 is divided by 115?
108
Calculate the remainder when 808 is divided by 54.
52
What is the remainder when 740 is divided by 119?
26
Calculate the remainder when 2966 is divided by 28.
26
What is the remainder when 230 is divided by 23?
0
What is the remainder when 142 is divided by 74?
68
What is the remainder when 1342 is divided by 24?
22
What is the remainder when 54 is divided by 28?
26
Calculate the remainder when 3375 is divided by 83.
55
Calculate the remainder when 830 is divided by 167.
162
Calculate the remainder when 413 is divided by 9.
8
Calculate the remainder when 474 is divided by 95.
94
What is the remainder when 250 is divided by 60?
10
Calculate the remainder when 427 is divided by 89.
71
Calculate the remainder when 527 is divided by 76.
71
Calculate the remainder when 104 is divided by 5.
4
Calculate the remainder when 489 is divided by 98.
97
Calculate the remainder when 3296 is divided by 220.
216
Calculate the remainder when 308 is divided by 40.
28
What is the remainder when 53 is divided by 20?
13
Calculate the remainder when 328 is divided by 33.
31
What is the remainder when 51 is divided by 31?
20
Calculate the remainder when 3196 is divided by 1593.
10
Calculate the remainder when 192 is divided by 65.
62
What is the remainder when 221 is divided by 153?
68
What is the remainder when 2193 is divided by 61?
58
What is the remainder when 150 is divided by 103?
47
Calculate the remainder when 805 is divided by 200.
5
What is the remainder when 160 is divided by 76?
8
Calculate the remainder when 389 is divided by 51.
32
What is the remainder when 111 is divided by 12?
3
Calculate the remainder when 12109 is divided by 18.
13
Calculate the remainder when 345 is divided by 169.
7
What is the remainder when 78 is divided by 65?
13
What is the remainder when 18839 is divided by 40?
39
Calculate the remainder when 378 is divided by 75.
3
Calculate the remainder when 479 is divided by 15.
14
What is the remainder when 157 is divided by 43?
28
Calculate the remainder when 129 is divided by 19.
15
Calculate the remainder when 116 is divided by 28.
4
Calculate the remainder when 323 is divided by 54.
53
Calculate the remainder when 101 is divided by 29.
14
Calculate the remainder when 61 is divided by 42.
19
What is the remainder when 305 is divided by 10?
5
Calculate the remainder when 736 is divided by 84.
64
What is the remainder when 9363 is divided by 29?
25
What is the remainder when 6773 is divided by 121?
118
Calculate the remainder when 42 is divided by 25.
17
What is the remainder when 68 is divided by 36?
32
What is the remainder when 333 is divided by 48?
45
What is the remainder when 318 is divided by 8?
6
Calculate the remainder when 645 is divided by 59.
55
Calculate the remainder when 2979 is divided by 71.
68
Calculate the remainder when 2354 is divided by 139.
130
What is the remainder when 1258 is divided by 9?
7
Calculate the remainder when 10337 is divided by 5.
2
What is the remainder when 1894 is divided by 189?
4
What is the remainder when 58 is divided by 31?
27
What is the remainder when 4314 is divided by 26?
24
Calculate the remainder when 94 is divided by 12.
10
Calculate the remainder when 1362 is divided by 265.
37
What is the remainder when 101 is divided by 23?
9
What is the remainder when 410 is divided by 12?
2
Calculate the remainder when 1094 is divided by 158.
146
Calculate the remainder when 335 is divided by 85.
80
Calculate the remainder when 508 is divided by 109.
72
Calculate the remainder when 643 is divided by 274.
95
What is the remainder when 1146 is divided by 289?
279
What is the remainder when 66 is divided by 44?
22
What is the remainder when 1260 is divided by 16?
12
Calculate the remainder when 379 is divided by 284.
95
What is the remainder when 274 is divided by 51?
19
What is the remainder when 488 is divided by 374?
114
Calculate the remainder when 80 is divided by 34.
12
What is the remainder when 148 is divided by 42?
22
What is the remainder when 259 is divided by 86?
1
What is the remainder when 10917 is divided by 140?
137
Calculate the remainder when 2023 is divided by 46.
45
What is the remainder when 1184 is divided by 60?
44
What is the remainder when 1999 is divided by 167?
162
Calculate the remainder when 247 is divided by 123.
1
Calculate the remainder when 274 is divided by 108.
58
What is the remainder when 228 is divided by 46?
44
Calculate the remainder when 1003 is divided by 145.
133
What is the remainder when 46 is divided by 28?
18
What is the remainder when 338 is divided by 120?
98
What is the remainder when 104 is divided by 35?
34
What is the remainder when 753 is divided by 69?
63
Calculate the remainder when 223 is divided by 43.
8
What is the remainder when 31 is divided by 5?
1
Calculate the remainder when 115 is divided by 43.
29
Calculate the remainder when 49 is divided by 10.
9
Calculate the remainder when 536 is divided by 137.
125
What is the remainder when 185 is divided by 185?
0
Calculate the remainder when 3949 is divided by 50.
49
Calculate the remainder when 697 is divided by 20.
17
What is the remainder when 1098 is divided by 38?
34
Calculate the remainder when 1114 is divided by 386.
342
Calculate the remainder when 1277 is divided by 142.
141
What is the remainder when 180 is divided by 49?
33
What is the remainder when 338 is divided by 71?
54
What is the remainder when 1989 is divided by 494?
13
Calculate the remainder when 5021 is divided by 335.
331
Calculate the remainder when 82 is divided by 33.
16
What is the remainder when 182 is divided by 42?
14
Calculate the remainder when 111 is divided by 100.
11
What is the remainder when 26710 is divided by 18?
16
What is the remainder when 210 is divided by 9?
3
Calculate the remainder when 463 is divided by 18.
13
Calculate the remainder when 1403 is divided by 176.
171
What is the remainder when 554 is divided by 197?
160
Calculate the remainder when 86 is divided by 23.
17
What is the remainder when 2387 is divided by 2?
1
Calculate the remainder when 984 is divided by 10.
4
What is the remainder when 67 is divided by 6?
1
Calculate the remainder when 97 is divided by 16.
1
Calculate the remainder when 843 is divided by 32.
11
Calculate the remainder when 1376 is divided by 135.
26
What is the remainder when 64 is divided by 19?
7
Calculate the remainder when 487 is divided by 161.
4
Calculate the remainder when 2609 is divided by 260.
9
Calculate the remainder when 63449 is divided by 90.
89
What is the remainder when 483 is divided by 27?
24
Calculate the remainder when 1121 is divided by 17.
16
Calculate the remainder when 574 is divided by 34.
30
What is the remainder when 941 is divided by 25?
16
What is the remainder when 87 is divided by 26?
9
Calculate the remainder when 225 is divided by 29.
22
Calculate the remainder when 3761 is divided by 17.
4
Calculate the remainder when 205 is divided by 23.
21
Calculate the remainder when 135 is divided by 6.
3
What is the remainder when 176 is divided by 56?
8
What is the remainder when 1143 is divided by 36?
27
What is the remainder when 170 is divided by 117?
53
What is the remainder when 1023 is divided by 79?
75
Calculate the remainder when 2921 is divided by 43.
40
Calculate the remainder when 5588 is divided by 233.
229
Calculate the remainder when 91 is divided by 40.
11
What is the remainder when 1168 is divided by 90?
88
What is the remainder when 4000 is divided by 267?
262
What is the remainder when 149 is divided by 70?
9
What is the remainder when 54 is divided by 51?
3
Calculate the remainder when 1023 is divided by 16.
15
What is the remainder when 43 is divided by 13?
4
Calculate the remainder when 423 is divided by 17.
15
What is the remainder when 185 is divided by 38?
33
What is the remainder when 4617 is divided by 149?
147
What is the remainder when 392 is divided by 18?
14
What is the remainder when 1124 is divided by 9?
8
Calculate the remainder when 165 is divided by 24.
21
What is the remainder when 51 is divided by 13?
12
What is the remainder wh